 common divisor of h and f?
12
Let d(l) = -l - 2. Let x be d(-5). Suppose 0 = -2*h + 4*h - 6, -5*h - 3 = -x*p. Let k be (p/(-21) - 0)*-7. What is the highest common factor of k and 4?
2
Let v = 42 - 30. Calculate the highest common divisor of v and 84.
12
Let l be 318/14 + 72/(-42) + 2. Calculate the highest common factor of l and 184.
23
Let i(s) = -s**3 + 17*s**2 - 13*s - 7. Let f be i(15). What is the highest common factor of f and 31?
31
Let o be 92/(-6)*(-4 + -2). What is the highest common factor of 23 and o?
23
Let b(g) = 8*g**2 + 2*g - 2. Let d be b(-2). Calculate the highest common factor of 13 and d.
13
Suppose 2*p - 2*a = -2*p + 206, 5*p - 259 = 3*a. Calculate the highest common factor of 550 and p.
50
Let w = -175 + 252. Let r be (-37)/(-5) - (-6)/(-15). Calculate the greatest common factor of w and r.
7
Let t be -1 + (-1 - 0) + 112. Suppose m = -m + t. Calculate the greatest common factor of m and 22.
11
Let k be 7/(7/18)*6/9. Calculate the greatest common factor of 120 and k.
12
Let x = 10 + -7. Suppose -i + 2 = p - 3, 0 = -x*p + 5*i + 23. Let q(g) = 9*g. Let j be q(6). What is the greatest common factor of p and j?
6
Let y = 176 + 0. Calculate the greatest common factor of y and 44.
44
Let i be (0 - (-26)/4)*2. Let b(m) = -4 - 2*m**2 + 2 + 2*m + m**3 + 0*m. Let g be b(3). What is the greatest common divisor of i and g?
13
Let t be 3/((-9)/363)*1. Let g = 88 - t. Calculate the greatest common factor of 19 and g.
19
Let o = -138 + 218. Suppose -4*z + 127 = 63. What is the highest common factor of z and o?
16
Let n(g) = g - 1. Let a be 7*(54/(-21))/(-3). Let j(d) = 7*d - 14. Let b(u) = a*n(u) - j(u). Let s be b(0). What is the highest common factor of 16 and s?
8
Let c = -53 + 108. Let b be ((-154)/c)/((-1)/5). What is the highest common divisor of 35 and b?
7
Suppose -5*r + 0*r + 3*j = -105, 5*r - 2*j - 110 = 0. Let t be 2*-1*5/(-10). Let i be (-10*t)/((-3)/18). Calculate the highest common divisor of i and r.
12
Suppose k - 2 - 15 = 0. Suppose 4*m = 2*o + 6*m - 6, -5*o - 3*m = -k. What is the highest common factor of 4 and o?
4
Let q be (-462)/10*25/(-5). Suppose 5*k + t - 1 = -2*t, 4*k - 11 = t. Suppose k*r - q - 33 = 0. Calculate the greatest common factor of r and 12.
12
Let n be -1*1*(1 - 14). Let r be 5 + 2/((-2)/3). Suppose -4*o - n - 25 = -r*m, -o - 5 = 0. Calculate the greatest common factor of 27 and m.
9
Let i be 0 - (-1 - 3/(-1)). Let n be -5*2*(1 + i). Suppose -4*w - 102 + 542 = 0. What is the greatest common divisor of w and n?
10
Suppose 155 = -0*n + 5*n - 2*x, -3*n - 4*x + 93 = 0. What is the greatest common divisor of n and 31?
31
Let l be -1 - 1/(2/(-6)). Let q = 127 - 117. What is the greatest common divisor of q and l?
2
Let f(q) = -2*q**3 - 7*q**2 - q + 7. Let a be f(-3). Suppose 3*z + 2 = o, -z - 20 = -3*o + z. What is the highest common factor of a and o?
1
Let r(y) = -y + 5. Let h be r(6). Let k be (h/(-3))/((-2)/(-6)). Let g = -49 - -52. What is the greatest common factor of g and k?
1
Suppose -v = -2*w + 4 - 6, 0 = -2*w + 2. Let x be 8/32 + 47/v. What is the highest common factor of x and 6?
6
Let a(x) = -x**2 + 4*x. Let s be a(3). Suppose 5*m + 11 - 46 = 0. Suppose -4*p - m = 5, 3*b - 36 = s*p. What is the highest common divisor of b and 6?
3
Let p = -13 - -48. What is the highest common factor of p and 7?
7
Let f(r) = -10*r + 1. Let u be f(-1). Let b be (-298)/(-3) - 5/15. Calculate the highest common factor of b and u.
11
Suppose 4*n = 7*n + 12. Let j = n + 8. Calculate the highest common divisor of j and 36.
4
Let d(h) = h - 7. Let z be 2*(-3 + (-15)/(-3)). Let x be d(z). Let v = x + 38. Calculate the highest common divisor of v and 7.
7
Let f be ((-132)/(-9))/(5/30). Calculate the greatest common factor of f and 22.
22
Suppose 2*s + 9 - 225 = 0. What is the greatest common factor of s and 12?
12
Let t = -25 - -34. Calculate the highest common factor of 9 and t.
9
Let t = -3 + 22. What is the highest common factor of 38 and t?
19
Let f = 49 - 45. Suppose 3*y - 1 = 2. What is the greatest common factor of f and y?
1
Let t(g) = 4*g**3. Let l be t(1). Let c(r) = -r**3 + 5*r**2 - 3*r + 4. Let n be c(4). Calculate the greatest common factor of n and l.
4
Let u(f) = f**2 - f. Let o(q) = -48*q**2 + 2*q + 1. Let h(j) = -o(j) - 2*u(j). Let g be h(1). Let z = -3 - -8. What is the greatest common factor of g and z?
5
Let c(d) = -10*d. Let m be c(3). Let w be (-10)/8*(2 + m). Calculate the greatest common divisor of 14 and w.
7
Let g(u) = u**2. Let w be g(-4). What is the greatest common factor of w and 160?
16
Let l(u) = u**3 - 17*u**2 - 16*u + 30. Let s be l(18). Let f(q) = -q - 2. Let c be f(-8). What is the highest common divisor of c and s?
6
Let s be 18/12 + (-6)/(-4). Suppose 102 = s*j - 3. What is the highest common factor of j and 14?
7
Let z(w) = -8*w - 1. Let y be z(-2). Suppose s - 2*s = -2*v + 14, 2*v + 5*s = -10. Calculate the highest common divisor of v and y.
5
Let y = -190 + 274. Let t = 17 - 11. Let n be (t/5)/((-2)/(-20)). Calculate the highest common divisor of n and y.
12
Let a(g) = g**3 - 9*g**2 + g - 10. Let i be a(9). Let w be i - 26/(-1 - 1). What is the greatest common divisor of 24 and w?
12
Suppose 100 + 0 = 5*m. What is the greatest common factor of m and 8?
4
Let k = 13 + 268. Let w be 3 + -3 + (1 - k). Let m = -199 - w. Calculate the highest common divisor of 9 and m.
9
Let p be 9/(-27) + 1/3. Let y be (p + 3)/(4 + -5). Let i be y/(-3 - -4)*-5. What is the highest common factor of 15 and i?
15
Suppose -25*g - 810 = -40*g. Let t(i) = -i**3 + 6*i**2 - 5*i - 3. Let u be t(4). What is the highest common factor of g and u?
9
Let n = 391 + -272. Calculate the highest common divisor of 17 and n.
17
Let c be 4/(-14) + 76/(-28). Let a = c - -3. Suppose -5*q - 4*u + 6 + 532 = a, 5*u = -3*q + 315. Calculate the highest common factor of q and 10.
10
Suppose 11*t = 711 - 7. Calculate the greatest common factor of t and 16.
16
Suppose -19*u + 22*u - 75 = 0. What is the greatest common factor of u and 50?
25
Let n be (-115)/(-15) + 1/3. What is the highest common divisor of n and 4?
4
Let w = 7 - -5. Let x = 108 - 39. Suppose 9 = -p + x. What is the highest common divisor of w and p?
12
Let d(g) = g**2 - 7*g - 14. Suppose j - 7 = 7. Let b be d(j). Calculate the highest common factor of b and 12.
12
Let s = -145 - -594. Suppose -3*r = -7 - s. What is the greatest common divisor of r and 19?
19
Let n be (0 + (-14)/8)*(-15 + 11). Calculate the greatest common factor of n and 7.
7
Suppose p = 4*d, 2*p + 2*p + 2*d = 90. Let v = -12 + p. Calculate the greatest common divisor of v and 1.
1
Let i = 56 + -34. Calculate the highest common factor of i and 154.
22
Suppose x - 15 = 4*x. Let f be (9/x)/((-1)/5). Let d(y) = 4*y**2 + 6*y + 2. Let z be d(-5). Calculate the highest common factor of z and f.
9
Let v(q) = -4*q + 1. Let w be -2*(-3)/(-18)*3. Let p be v(w). Let d(k) = k**2 - k - 4. Let c be d(p). Calculate the greatest common factor of 40 and c.
8
Suppose 9 = -q + 2*n, q - 5*n = -2*q - 30. Let i be (10/q)/(6/(-117)). What is the highest common divisor of i and 65?
13
Let q = 15 - 15. Let r be 1 - 2 - (-73 - q). What is the greatest common factor of 9 and r?
9
Suppose 4*u - 24 = -5*w + 27, -45 = -4*w + u. What is the greatest common factor of 110 and w?
11
Suppose 24 = 4*j - 3*j. Let p be (-10 - -19)/(1/j). Calculate the highest common divisor of 27 and p.
27
Suppose 8*d - 16 - 16 = 0. Calculate the greatest common divisor of 20 and d.
4
Suppose -5*j + 3*j + 570 = 0. Calculate the greatest common factor of j and 19.
19
Suppose -6*l + 3*n + 107 = -l, -3*l + 2*n = -64. Let q(f) = -f**2 - 6*f - 1. Let v be q(-6). Let j be 6*-2*v/6. Calculate the greatest common factor of l and j.
2
Let f be (-560)/(-72) + 2/9. Suppose -f*h = -4*h - 4. What is the greatest common factor of h and 5?
1
Suppose 6 + 66 = g. Suppose 7*p - 4 = 199. Suppose 5*t - 20 = 0, -5*u + t = -3*t - p. What is the greatest common factor of g and u?
9
Suppose -42*h + 136 = -40*h. What is the highest common factor of 34 and h?
34
Let f(t) = -9*t + 6. Let m be f(-5). Calculate the highest common divisor of 34 and m.
17
Let i(k) = 23*k + 2. Let m be i(2). Let z = 0 + 6. Calculate the greatest common divisor of m and z.
6
Let s be (-8)/10*(-